der when 234/14 + (36/(-21) - -2) is divided by d(-2).
2
Let a = 49 - 43. What is the remainder when 17 is divided by a?
5
What is the remainder when 12/36 - (-286)/6 is divided by 10?
8
Suppose 114 = 5*k - 16. Calculate the remainder when 75 is divided by k.
23
Let u = -50 - -59. Calculate the remainder when 24 is divided by u.
6
Suppose -3*r - 9*r + 516 = 0. What is the remainder when 127 is divided by r?
41
Let j(p) = -p**3 - 13*p**2 + 13*p - 1. Let n be (-1)/(3*1/42). Calculate the remainder when 36 is divided by j(n).
10
Let l(n) = -n**3 + n**2 - n. Let d(j) = -3*j**2 + j - 2. Let s(g) = -d(g) + l(g). What is the remainder when 12 is divided by s(3)?
2
Suppose 39 = -8*p + 11*p. Calculate the remainder when p is divided by 7.
6
Let d(t) = -6*t**3 - 5*t**2 - 4*t + 6. What is the remainder when d(-3) is divided by 34?
33
Suppose -4*u - 2*n = u - 41, -4*u + 3*n + 42 = 0. Let q = -42 + 68. What is the remainder when q is divided by u?
8
Let x(c) = 9*c**2 + c + 1. Calculate the remainder when 61 is divided by x(-1).
7
Suppose -b = -3 - 8. What is the remainder when 54 is divided by b?
10
Let q(o) = o - 3. Let n(h) = -1. Let u(d) = -5*n(d) + 2*q(d). What is the remainder when 8 is divided by u(2)?
2
Let t(y) = 6*y - 2. Let p = 3 - -12. Calculate the remainder when p is divided by t(1).
3
Let z = -9 - -4. What is the remainder when 70 is divided by (36/z)/((-15)/50)?
22
Let p(s) = -8*s + 4. Let c(n) be the third derivative of n**5/20 - n**4/12 - n**3/2 - 2*n**2. What is the remainder when p(-6) is divided by c(3)?
16
Calculate the remainder when 41 is divided by 28/(0 + -2 - -4).
13
Let t = -106 - -127. What is the remainder when 39 is divided by t?
18
Suppose 5*n = -5*b - 10, 0*n + n = -3*b - 10. Suppose -1 = -o - 12. Let y = o + 13. What is the remainder when n is divided by y?
0
What is the remainder when 86 + -2 + 5 + -4 is divided by 22?
19
Suppose 6*p - 99 = -5*p. Suppose 0 = -4*o + 3 + 1. Calculate the remainder when p is divided by (o + 0)*(8 + -3).
4
Suppose 10*g = -0*g + 1740. What is the remainder when g is divided by 25?
24
Suppose 52 = 5*b - 2*q, -3*q + 56 = 3*b + 8. What is the remainder when 19 is divided by b?
7
Let s(r) = 8*r**2 + r + 1. Let a be (10/6 + -2)*-12. Suppose -a*f - 5*h + 10*h - 24 = 0, 8 = -4*f + h. What is the remainder when 15 is divided by s(f)?
7
Let r = 5 + 1. Calculate the remainder when (34/(-3))/(r/(-9)) is divided by 5.
2
Suppose 4*p - 397 = -89. Calculate the remainder when p is divided by 16.
13
Suppose 5 = -u - 1. What is the remainder when 27 is divided by 2/(-1) - (-22 - u)?
13
Suppose 285 = 3*j + 75. What is the remainder when j is divided by 8?
6
Let w be 2/(-2) + (0 - -1). Suppose 3*l - 3 = w, -51 + 8 = -4*f + 5*l. What is the remainder when f is divided by 7?
5
Let d be ((-78)/(-9))/((-2)/(-3)). Let t = -9 + d. Suppose 0 = 5*h - t*h - 8. What is the remainder when 22 is divided by h?
6
Suppose 4*w - 23 = 21. Calculate the remainder when 86 is divided by w.
9
Suppose -3*x + 58 = -x. What is the remainder when x is divided by ((-20)/(-7))/(4/14)?
9
Let y = 2 + 4. Let z(b) = 5*b**2 + b - 2. Suppose -4*r - 14 = 5*v, v - 3*r + 0 = 1. Calculate the remainder when z(v) is divided by y.
4
Suppose 0 = 5*v + 5 - 150. What is the remainder when v is divided by 0 - 2/((-8)/(-12)) - -19?
13
Suppose -3*g + 155 = 2*g - 5*l, 2*g = 5*l + 65. Calculate the remainder when g is divided by 8.
6
Suppose -180 = 5*b - 2*l, -3*b + 3*l - 107 = 2*l. Let x = -23 - b. What is the remainder when 32 is divided by x?
10
Suppose 4*z + z = -2*i + 138, -5*z + 142 = -2*i. Let u = -45 - -98. What is the remainder when u is divided by z?
25
Let k = -5 + 4. What is the remainder when (68/(-8))/(k/2) is divided by 9?
8
Let t(c) be the first derivative of c**4/4 - 4*c**3/3 + 2*c**2 - 2. Let y be t(4). Let p = y - 9. What is the remainder when 13 is divided by p?
6
Let h(f) = f**3 + 10*f**2 - 3*f - 10. Suppose 5*q + 51 = 1. Suppose 4*r - 156 = -g, 6*g - g - 78 = -2*r. Calculate the remainder when r is divided by h(q).
19
Let z = 19 + -6. Let c = -83 + 120. What is the remainder when c is divided by z?
11
Let r = -5 - -7. Let q(t) = 2*t**3 - 3*t + 3. Let k be q(2). Let v = k + -8. What is the remainder when v is divided by r?
1
Let i(r) = -3*r + 3*r**3 - 3*r**2 - 1 + 6*r - 2*r**3. Let u be i(3). What is the remainder when (84/15)/(u/60) is divided by 11?
9
What is the remainder when 12/4*(-86)/(-3) is divided by 22?
20
Suppose v + 15 = 4*v. Suppose -84 = -v*t + 2*t. Suppose 5*k - 3 = 47. What is the remainder when t is divided by k?
8
Suppose 0 = -5*g + g + 88. Calculate the remainder when g is divided by 8.
6
Let a = 41 - 25. What is the remainder when 25 is divided by a?
9
Suppose -3*f - 11 = -4*a, -3*a - 10 = -5*f - 2*a. Calculate the remainder when 30 is divided by f - (2 - 19) - 4.
14
Let h(m) = -5*m + 53. What is the remainder when 82 is divided by h(6)?
13
What is the remainder when 110 is divided by (3 - (1 + -12))*2?
26
Let s = -5 + 9. Suppose -207 = f - s*f. Suppose 7*t - 4*t = f. What is the remainder when t is divided by 12?
11
Let f(q) = 3*q - 1. Let i(x) = -7*x + 3. Let v(s) = -9*f(s) - 4*i(s). What is the remainder when v(7) is divided by 3?
1
Let d = 15 - 23. Let l = d - -6. Calculate the remainder when 70/3 + l/6 is divided by 12.
11
Suppose 0 = -2*s - 4*u + 10, 4*s + s = 3*u + 77. Calculate the remainder when 36 is divided by s.
10
What is the remainder when 44 is divided by -2*(-4)/8*9?
8
Suppose -3*y = 2*y - 80. Let r = y - 11. What is the remainder when 14 is divided by r?
4
Let y = 42 - -3. Let l = y + -26. Let j = -1 - -11. Calculate the remainder when l is divided by j.
9
Let t = 316 - 206. What is the remainder when t is divided by 8?
6
Let f be 7 + (28/(-8) + 3)*-2. Let k(g) = 17 - 5*g - 7 + 4*g. What is the remainder when 4 is divided by k(f)?
0
Suppose 3*a + 10 = 5*a. Suppose 3*k + 5*f = k + 57, a*k - 65 = 3*f. Calculate the remainder when 78 is divided by k.
14
Suppose -57 = -4*r + 19. Calculate the remainder when r is divided by 4.
3
Suppose 44 + 16 = 2*z. Calculate the remainder when 89 is divided by z.
29
Let w = 6 + -1. Let t(h) = h**2 - 4*h + 3. What is the remainder when 21 is divided by t(w)?
5
Let d be (3 - 4)*(-3 + -1). Suppose 44 = -d*v + 8*v. What is the remainder when 31 is divided by v?
9
Let n(m) = m**3 - 2*m**2 + 3*m - 1. Suppose l + 3*l - 4*f = 64, -2*f = -5*l + 71. What is the remainder when l is divided by n(2)?
3
Suppose -3*v + 7*v + 12 = 0. Let a(p) = 2*p**2 - p + 4. What is the remainder when a(v) is divided by 7?
4
Let v(p) = p**2 + 3*p - 4. Let f be v(-6). Suppose 4*c = -f + 174. Suppose 0 + c = 5*i. What is the remainder when 14 is divided by i?
6
Suppose 19 - 31 = -l. What is the remainder when 54 is divided by l?
6
Suppose -2*k + 15 = -13. Calculate the remainder when 53 is divided by k.
11
Suppose -16 = -4*x, 0 = -3*o - 4*x + 3*x + 106. What is the remainder when o is divided by 18?
16
Let t = -122 + 133. What is the remainder when t is divided by 4?
3
Suppose -62 = -5*c + 368. Suppose p - h - 27 - 15 = 0, -2*p + 3*h = -c. What is the remainder when p is divided by (21/(-2))/(9/(-12))?
12
What is the remainder when 173 is divided by (-6)/2 + (-10 + 5 - -66)?
57
Let k = 125 + -104. What is the remainder when 101 is divided by k?
17
Suppose -73 = -4*l - d, -2*d - 87 = -5*l + d. What is the remainder when 70 is divided by l?
16
Let m(b) = -b**2 + b + 18. Suppose -2 = -2*y + s, -5*s = -5*y + 2*y + 10. What is the remainder when m(y) is divided by 10?
8
Let v = -3 - -5. Suppose 3*g + 5 = 5*t, 2*g + 0*g + v = 3*t. What is the remainder when 12 is divided by g?
2
Let k(y) = -6*y**3 - 2*y**2 - 2*y - 2. Let v = 8 + -10. Calculate the remainder when k(v) is divided by 11.
9
Let k = 14 - -6. Let p(v) = v**2 + 9*v + 5. Let l be p(-10). What is the remainder when k is divided by 6/l + 33/5?
6
Let n(h) = -h**3 - 10*h**2 + 11*h. Let k be n(-11). Suppose 3*q - g - 3*g - 241 = k, 0 = 5*g + 5. Calculate the remainder when q is divided by 27.
25
Let l(v) = v**2 + 18*v + 19. Let p be l(-16). Let u = p + 27. Calculate the remainder when 54 is divided by u.
12
Suppose -5*u + 65 = -170. What is the remainder when u is divided by 16?
15
What is the remainder when (-8)/(-2) + 21 + -1 is divided by 13?
11
W